/((-9)/24). Is v*(-4 - (-33)/12) a composite number?
True
Suppose 2*i - 4*i = 0. Suppose i = y + 237 - 754. Is y prime?
False
Suppose 29*c + s = 26*c + 29, 0 = -2*c - 3*s + 24. Let y(m) = 13*m**2 + 14*m - 22. Is y(c) prime?
False
Let n(f) = 10*f**3 + f**2 - 9*f + 7. Let r = -20 - -24. Suppose -2*d + 24 = -r*t, -d + 5*t + 21 + 0 = 0. Is n(d) prime?
False
Suppose 10*x + 85859 = 11*x. Is x a prime number?
False
Let x(k) = -10080*k - 18. Let f be x(-4). Let r = f + -27930. Suppose 0 = -6*y + 1530 + r. Is y composite?
True
Suppose -57865 = -5*z - 4*b - 7026, 20350 = 2*z - 2*b. Let n = z + -5624. Is n a prime number?
True
Let w(x) = -7*x - 138. Let i be w(-21). Suppose 0 = 3*y + 3*k - 1638, -i*k - 1598 = -3*y - 4*k. Is y composite?
False
Let t(z) = -2*z**3 - 6*z**2 + 19*z + 12. Let f be t(-10). Suppose 4*i + f = 30*i. Is i a composite number?
False
Let u = 365601 + 16856. Is u composite?
False
Let v(w) = 31*w**2 - 31*w - 233. Is v(-6) prime?
True
Suppose 13 = -3*o - 2, -5*o + 789 = y. Let f = 3741 + y. Is f a prime number?
False
Suppose 5*y - 24 = -0*y + m, -m = y. Suppose 2*r = 5*w + 14, 3*w + y*r = r. Is 0/(w - 2) - -211 a composite number?
False
Suppose 2*z = -4*g + 88322, -559*g - 15 = -556*g. Is z prime?
True
Let d(t) = -t**3 + 3*t - 21*t + 42 + 15*t**2 - 43. Is d(-12) prime?
False
Suppose 6*r - 3*r = m + 1447, 3*m + 3*r = -4329. Let w = m - -2876. Let c = w - 641. Is c prime?
False
Suppose 0 = -2*j + 3*j - 4*h - 56, 1 = h. Let s = j + -59. Is (s/((-2)/6))/(30/(-8770)) composite?
False
Suppose 53*p = 61*p - 66280. Suppose -15*x + 10*x = -p. Is x a composite number?
False
Let f = -62 + 63. Let s be -16*(1 - 2) - f. Is s/3 - 3 - -1085 prime?
True
Let x = 155 + -152. Suppose 607 - 3735 = -x*a - 2*p, -5*a - 4*p + 5214 = 0. Is a composite?
True
Let n(l) = -17897*l + 2107. Is n(-8) a composite number?
False
Suppose -3*s = u - 14491, 7*u + 5*s - 43489 = 4*u. Is u prime?
True
Let z = -17 + 9. Let y be (-36)/z - 4 - (-97)/2. Suppose l - y - 330 = 0. Is l a composite number?
False
Let c = -53 + 56. Suppose -9252 = c*u - i, -3 - 6 = -3*i. Let s = 4704 + u. Is s a composite number?
False
Let m be -5 + -1 - (-13 - -2). Suppose 767 = m*g + 4*o - 484, 4*g = o + 1005. Is g a prime number?
True
Let v = 90 - 118. Let j be 2/(-14) - 4/v. Suppose -6*b + 493 + 185 = j. Is b a composite number?
False
Is (0 + -1)/((-1554687)/388671 - -4) prime?
False
Suppose 0 = -10*i + 140057 + 47863. Let x = 53701 - i. Is x composite?
True
Let r = -7175 + 7229. Let a = -316 + -129. Let y = r - a. Is y prime?
True
Let a(i) = i**2 - 13*i + 22. Let t be a(18). Suppose 0 = -4*o - 0*b + 2*b + t, 3*o + 2*b - 84 = 0. Is o/6*3*232/16 a composite number?
True
Suppose 1364 = 4*p - 1504. Is p composite?
True
Let n = -14 + -7. Let q = 23 + n. Suppose 119 = c - 8*t + 4*t, t - 229 = -q*c. Is c composite?
True
Let n = 81 - 76. Suppose 0 = 2*b + v - 28879, -v = n*b - 84087 + 11897. Is b a prime number?
True
Let v(j) = 48*j + 7. Suppose 0 = 4*g - z - 6, -3*z = -2 - 4. Let k(h) = 3*h + 5. Let d be k(g). Is v(d) a prime number?
False
Let m = -45 + 46. Let c be 1/(m/1587) - 1. Suppose -6*u + 4*u = -c. Is u prime?
False
Let a = -342345 + 483058. Is a a prime number?
False
Suppose f - 111026 = m, 47*f + 4*m + 555133 = 52*f. Is f prime?
True
Let q(h) = -743*h**2 - 5*h + 18. Let t(z) = 372*z**2 + 3*z - 8. Let r(m) = 2*q(m) + 5*t(m). Is r(3) a prime number?
False
Let a be (55107/(-54))/(1/(-2)). Suppose -10*o + 2829 = -a. Is o composite?
False
Suppose -14*a + 3 = 3. Suppose a = -19*y + 7*y + 128604. Is y a composite number?
True
Suppose 0 = 5*m + 25, 0 + 70 = 3*l - 2*m. Suppose l*a = 16*a + 141092. Is a composite?
True
Let v = 925553 + -276214. Is v a composite number?
True
Suppose -s + 9*s + 149600 = 0. Let o = s - -10244. Is o/(-16) - 2/(-4) a composite number?
True
Let q = 259 + -256. Suppose -a + 2*v = 3*a - 5450, q = -v. Is a prime?
True
Suppose -4*m - m = 4*w - 176972, 44226 = w - 3*m. Suppose -2*u - 54616 + 10384 = -4*r, w = 4*r - 5*u. Is r composite?
False
Suppose o + o - 4*s - 12020 = 0, -5*s - 10 = 0. Let q = o - 1895. Is q a prime number?
True
Let o(v) = 1971*v + 263. Suppose 0 = 31*m - 8*m - 460. Is o(m) a composite number?
True
Suppose -3*z + 6*z - 471 = d, z = d + 159. Suppose -8*y = -14*y + z. Suppose -29*m = -y*m - 1011. Is m prime?
True
Suppose 0*t - 3*t = 3*t. Suppose t = -8*b - b + 39789. Is b composite?
False
Let g be 6/12*(-28)/(-2). Suppose -5*a = 4*w - g*w - 32, -w = 2*a + 18. Is 8/(-28) - 3686/w prime?
True
Let w(b) = 192*b**2 + 56*b - 937. Is w(-45) a prime number?
False
Let o = -35 + 21. Let v = o - -75. Suppose 3*m - v - 98 = 0. Is m a prime number?
True
Suppose -3*r + u = -500175, -r + 186099 = u + 19382. Is r composite?
False
Suppose 40*m + 2 = 39*m. Let n be (m/8)/((-95)/20 - -5). Is 2746*3*n/(-6) composite?
False
Suppose 0 = 9*h - 0*h - 187641. Suppose -10*a + 38841 + h = 0. Is a a composite number?
True
Let p(k) = 3*k + 6*k - 19 + 0*k + 4*k + 19*k**2. Is p(9) prime?
True
Let w = -170 - -174. Suppose -1341 = w*a - 13*a. Is a composite?
False
Suppose 2*z - 4 = -2*u, -u - 2*u + 2*z + 11 = 0. Suppose -u*r + 13*r - 27420 = 0. Suppose -4*v + o + r = 0, -o - 4*o = 5*v - 3415. Is v a composite number?
True
Let m(h) = -2646*h + 3293. Is m(-54) a prime number?
False
Let p(c) be the first derivative of -98*c**2 + 13*c + 86. Is p(-4) composite?
False
Suppose -301338 = -1694*u + 1676*u. Is u prime?
True
Suppose 0*f - 3*f + 55 = 2*a, -f = 5*a - 105. Suppose -a*d = -77832 + 15652. Is d composite?
False
Let y(o) = 3*o**2 + 5*o + 3. Suppose -7*w - 10 = 25. Let v(g) = -g - 9. Let n be v(w). Is y(n) a prime number?
True
Let z be 241 - 1 - (3 + (-1 - 0)). Let u(j) = 38*j - 9 + 38*j - 27*j + z*j. Is u(2) a prime number?
False
Suppose -8*i + 7*i = -6. Let b = 32 + i. Let u = b - 7. Is u prime?
True
Is 814446/(-12)*(20/12 + -5) prime?
False
Suppose 0 = -112*z + 123*z - 246466. Suppose 80640 = 22*v + z. Is v a composite number?
False
Let y = 7 - 6. Is (-2)/y*(0 - (-2517)/(-6)) composite?
False
Let b = -2319 + 4150. Suppose -4*m = b - 12067. Is m a composite number?
True
Let f(n) = 3*n**2 + 4*n - 6. Let q be f(4). Suppose 0 = -m + 69 - q. Let k(c) = 80*c - 37. Is k(m) a prime number?
False
Let q = 14 + -37. Let t = q + 46. Suppose d = -4*j + 37, -j + d = j - t. Is j a composite number?
True
Suppose -3368 = 8*f - 9*f + 3*k, -f = k - 3356. Is f a prime number?
True
Let u(l) = 2*l + 33. Let k be u(-14). Suppose 0 = -6*t + k + 25. Is 3/t + (-1452)/(-30) prime?
False
Suppose 8*p - 3*p - f - 49857 = 0, p - 9969 = f. Let c = p - -7721. Is c a prime number?
False
Suppose -4222 = -7*f - 11005. Let r = 7874 - f. Is r a composite number?
True
Let w(p) = 618*p + 52. Let r(y) = 206*y + 17. Let t(h) = -7*r(h) + 2*w(h). Is t(-10) prime?
False
Let k(g) = -g. Let i(j) = j**2 + 21*j - 11. Let q(h) = i(h) - 6*k(h). Let y be q(14). Is ((-2)/(-7) - (-180)/(-42)) + y composite?
True
Let d(i) = 1630*i - 22. Let b = -23 + 26. Let h be d(b). Suppose 60*m = 64*m - h. Is m a prime number?
True
Suppose -9*z - 143 = -17. Suppose 0 = -4*v + 3*t + t + 480, 2*v - 265 = -3*t. Let p = v - z. Is p prime?
True
Let m = 149156 - 91285. Is m composite?
True
Is -11 + -5 + 6 - (-80746 + -1) a prime number?
True
Suppose -2*j - 22219 - 5623 = 0. Let p = 38520 + j. Suppose -7*m + p = 162. Is m prime?
True
Suppose f - 204*h = -206*h + 4187, 2*f - 8383 = -h. Is f composite?
True
Let u(b) be the second derivative of 7*b**4/4 + b**3/3 - 5*b**2 + 10*b + 5. Let h = -18 - -27. Is u(h) composite?
False
Suppose 66*i - 4360174 = 64*i - 24*i. Is i prime?
False
Let g(y) = 168*y**2 - 16*y - 1. Let i(p) = 168*p**2 - 19*p - 1. Let a(c) = 6*g(c) - 5*i(c). Let b(z) = z**2 + 3*z + 2. Let o be b(-3). Is a(o) prime?
False
Suppose -24646*l = -24660*l + 2275868. Is l composite?
True
Let m be ((-2)/(-4))/((36/(-6392))/9). Let t = m - -2442. Is t composite?
True
Suppose 6034 = 3*y - 10043. Is y prime?
False
Let u(a) = -24*a - 15. Let g(v) = -v**2 + 25*v + 14. Let h(w) = -4*g(w) - 3*u(w). Is h(-24) a prime number?
False
Let t = -1 + 29. Let n = 30 - t. Is ((-4)/n)/((-6)/429) a prime number?
False
Let o(t) = 6*t - 7. Suppose -2*b - 13 = x, -5*b - 15 = -3*x + 2*x. Let q(v) = 2*v**2 + 5*v - 10. Let h be q(x). Is o(h) a composite number?
False
Let p = -41 - -44. Let